 0 = -3*r + h + 28. What is the remainder when q is divided by r?
9
Let a(r) be the third derivative of -r**6/60 - r**5/15 - r**4/8 + r**2. Suppose 17*b - 13*b + 8 = 0. Calculate the remainder when 9 is divided by a(b).
3
Suppose q - 3*s = 6, -3*s - s + 11 = 5*q. Suppose -q*z = b - 8, -z = -b - 2 - 2. What is the remainder when 57 is divided by (-25)/(-5)*(0 + z)?
12
Let i = 14 - 11. Suppose -4*j + 18 = 4*o - i*j, o + 2*j = 1. Suppose 0 = -d - o + 52. What is the remainder when d is divided by 12?
11
Suppose -16331 = -9*a - 4073. What is the remainder when a is divided by 44?
42
Suppose -5*n + 16 = -3*s, 3*n + 3*s + 0 - 24 = 0. Suppose n*k = 245 - 45. Suppose -4*l + 0 = -k. What is the remainder when 17 is divided by l?
7
Let x = 24 - -2. Suppose -225 = 140*f - 143*f. What is the remainder when f is divided by x?
23
Let v(y) = -11*y**2 + 12*y - 1. Let k be v(9). Let x be (-2)/9 - k/(-36). What is the remainder when 21 is divided by (x - 2)*3/(-6)?
9
Suppose 0 = 3*i - 2*x - 16, 2*i = 3*x + x + 24. Suppose 0 = i*y + 315 - 339. What is the remainder when 46 is divided by y?
10
Let d(j) be the second derivative of 0 - 3/2*j**2 + 2*j**3 + 3*j. What is the remainder when d(2) is divided by 11?
10
Let p = 7 + -7. Let o = 3 + p. Suppose -o*s + 2*s = -l - 2, 5*s - 10 = l. Calculate the remainder when 4 is divided by s.
0
What is the remainder when 88 is divided by 200/(-15)*(17/(-4) - -2)?
28
Suppose 0*t = 4*t - 180. Suppose -2*g - 30 = -7*g. Suppose g*x = 4*x + 174. Calculate the remainder when x is divided by t.
42
Let h(l) = -5 + 533*l - 531*l + 62. Calculate the remainder when h(19) is divided by 32.
31
Suppose 3*i = -9 + 57. Let l = 5 + -5. What is the remainder when 1 + l + 0 + 46 is divided by i?
15
Let p(b) = -29*b - 202. What is the remainder when p(-9) is divided by 31?
28
Let z = 12 + 6. Suppose -c + z = 7. Calculate the remainder when 18 is divided by c.
7
Let s = -132 - -211. Suppose -d + 2*y - 112 = -4*d, 2*d - 3*y = s. What is the remainder when 186 is divided by d?
34
Suppose -4*o = -953 - 323. Calculate the remainder when o is divided by 19.
15
Suppose 0 = 5*m - m - 3*x - 28, -3*m - 3*x = 0. Suppose -m*d + 27 - 9 = -2*v, v = -5*d + 19. Calculate the remainder when 38 is divided by 11*1 + -5 + d.
8
Let i(x) = 2*x**2 - 5*x + 6. Let g be i(3). Suppose -g - 6 = -u. What is the remainder when u is divided by 9?
6
Suppose -3*i + 400 = -2*n, -5*i + 201 + 424 = 5*n. What is the remainder when i is divided by 23?
15
Let l = -24 - -20. Let q = -2 - l. Calculate the remainder when 4 is divided by q.
0
Calculate the remainder when 90 - 2 - ((-28)/4 - -11) is divided by 27.
3
Suppose 6 = -3*f + 72. Let p = -9 + f. Calculate the remainder when p is divided by (-1)/(3/4 - 1).
1
Suppose 0 = -3*z + 31 - 10. Suppose -4*j + 2*l = -40, -2*j = -l - 3*l - 8. Suppose c - j = -1. Calculate the remainder when c is divided by z.
4
Suppose -2*m - 76 - 2 = -2*u, 0 = 2*u + 2*m - 74. Calculate the remainder when 107 is divided by u.
31
Suppose 0 = -n + 3*f + 82 + 166, 1 = -f. Suppose 5*b = 120 + n. What is the remainder when b is divided by 15?
13
Let z(m) = -m - 4. Let j be ((-15)/(-20))/(3/24). Let g be z(j). Let l = 23 + g. What is the remainder when l is divided by 4?
1
Suppose -3 = -3*w, 0 = 2*v + w - 5 - 0. Suppose v*g + 0*z = -2*z + 42, -2*g - z + 37 = 0. What is the remainder when 31 is divided by g?
15
Let b(f) = f**2 + 56*f - 1127. Calculate the remainder when 108 is divided by b(16).
8
Suppose -3*g = 5*s - 230, 0 = 3*s + 15*g - 10*g - 138. What is the remainder when s is divided by 22?
2
Let v be (45/10)/(6/8). Suppose -v + 641 = 5*t. Suppose -3*o - t = 2*g - 7*g, o - 27 = -g. What is the remainder when g is divided by 9?
8
Let w(k) = k**2 + k + 12. Let b be w(0). Let d be 1437/b - 1/(-4). Let a = d + -82. What is the remainder when a is divided by 13?
12
Let f be 2 - (-3 + -2) - 2. What is the remainder when 34 is divided by 10 - f*(-2)/(-10)?
7
Let y(k) = 3*k**2 + 4*k + 14. Let m(b) = -b**3 + 11*b**2 - 13*b + 5. Calculate the remainder when m(9) is divided by y(0).
8
Let m(n) = n**2 - 6. Let v = 20 + -16. What is the remainder when v is divided by m(3)?
1
Let x = -17 + 21. Let y = x + 22. Calculate the remainder when y is divided by 1 - -1 - 24/(-3).
6
Suppose -169 = -11*y + 161. What is the remainder when 57 is divided by y?
27
Let g = 47 + -31. Suppose 4*b = 3*l + 64, -3*b - 4*l + 7 = -g. Calculate the remainder when 88 is divided by b.
10
Let a = 430 - 405. Suppose -4*t - 40 = t. What is the remainder when a is divided by (26/t)/(1/(-4))?
12
Let y(s) = 3*s**2 - 11*s + 1. What is the remainder when y(11) is divided by 49?
47
Let l(x) = x**2 + 16*x - 13. Let b be l(-17). Let r = 12 - b. Calculate the remainder when 39 is divided by r.
7
Let j be (14 - (-342)/(-27))*21/(-2). Suppose -105 = b + 3*b - 3*m, 5*b + 129 = 3*m. Let w = j - b. Calculate the remainder when w is divided by 6.
4
Let q(d) = -d**2 - 19*d + 438. Calculate the remainder when q(13) is divided by 6.
4
Let l = 130 - 69. Let h = l + -14. Suppose p = -3*p - 3*n + 59, 80 = 4*p - 4*n. Calculate the remainder when h is divided by p.
13
Suppose 10 = -4*u + 102. Calculate the remainder when 95 + (2 - (8 + -4))*2 is divided by u.
22
Suppose 7*j = 2*j + 75. Suppose -251 = -r + 16. Suppose 0 = 5*m - r - 18. What is the remainder when m is divided by j?
12
Suppose -81*c + 83*c = -8. Let m = c + 185. Calculate the remainder when m is divided by 46.
43
Let w(y) = 9*y - 11. Calculate the remainder when w(10) is divided by 950/38 + (-8 - 1).
15
Suppose -7*t + 645 + 83 = 0. What is the remainder when 335 is divided by t?
23
Let d(c) = -c**3 + 6*c**2 + 9*c - 13. Let v be d(7). Calculate the remainder when 3/v*(-287)/(-7) is divided by 31.
30
Let k = 186 - 161. Calculate the remainder when 422 is divided by k.
22
Let z(x) = -x**3 + 6*x**2 + 12*x + 12. Let n = 1 + 15. What is the remainder when z(7) is divided by n?
15
Let z = -5 + 49. Suppose -3*u + q = -30, -5*u - 2*q - 2*q + 33 = 0. What is the remainder when z is divided by u?
8
Let w be 6/8*-2*(-328)/6. What is the remainder when 39 is divided by (-4)/16 - w/(-8)?
9
Let n(h) = 2*h**3 - 11*h**2 - 6*h - 6. Let j be n(6). Let y = 19 - j. Calculate the remainder when y is divided by 9.
7
What is the remainder when 81 + (5 + -3)/(28/70) is divided by 65?
21
Let x(i) = -i**2 - 4 - 10*i - 6 - 6. Calculate the remainder when x(-7) is divided by 11/3 - 1/(-3).
1
Let d(v) = -v**3 + 9*v**2 - 9*v - 23. Calculate the remainder when 166 is divided by d(7).
10
Suppose 30*l = 650 + 130. Calculate the remainder when 542 is divided by l.
22
Let d = -93 - -136. Calculate the remainder when d is divided by 11.
10
Suppose -14 + 2 = -2*r. Suppose -3*b + 3 + r = 0, -5*b + 10 = -5*g. Calculate the remainder when g is divided by 1.
0
Suppose 0 = -4*d + 7*d + 216. Let k = d - -125. Let h = -22 - -40. What is the remainder when k is divided by h?
17
Let o = -253 - -370. Suppose -5*u + d = -201, -10 = 3*u - 4*d - o. What is the remainder when u is divided by (3 + (-1)/(-4)*-34)*-2?
8
Let u = 2567 + -2366. What is the remainder when u is divided by 24?
9
Let n(r) = r**2 - 2*r - 125. What is the remainder when 485 is divided by n(-13)?
65
Suppose 4*p + 1 = 5. Suppose -3*c = 13 - p. Let i = 35 - c. What is the remainder when i is divided by 10?
9
Let u(v) = 4*v**2 + 22*v + 91. Suppose 0 = c - 8 - 27. Calculate the remainder when u(-6) is divided by c.
33
Suppose -11*r - 8 = -7*r. Let g be ((r + 2)/3)/2. Suppose -w - w + 12 = g. Calculate the remainder when 13 is divided by w.
1
Let m(q) = -166*q + 8. Let d be m(2). Calculate the remainder when 2*(-2)/14 + d/(-7) is divided by 26.
20
Let h(z) = -2*z**2 + 14*z - 6. Suppose 2*u = -6 - 48. Let s = u - -33. Calculate the remainder when 20 is divided by h(s).
2
Let c(a) = -12*a + 229. Calculate the remainder when c(14) is divided by 14.
5
Suppose 150*p - 147*p = 87. Calculate the remainder when 110 is divided by p.
23
Suppose 0 = -5*z + 33 - 3. Suppose 20 = v + 1. What is the remainder when v is divided by z?
1
Let p = 7 - 12. Suppose -5*b = -2*b - 102. What is the remainder when b is divided by (-5)/p*-4 - -16?
10
Let f(v) = -v**2 + 23*v - 70. Calculate the remainder when 159 is divided by f(17).
31
Let j = 97 + -131. Calculate th